 - 12. Suppose 20*k - 4313 = 3707. Let z = k - 395. What is f(z)?
12
Suppose 3*z + 5*k = -2*z - 445, k - 93 = z. Let m = 97 + z. Suppose 4*x + 16 = m*x. Let t(g) = -g**2 + 10*g - 5. Give t(x).
11
Let d(v) = 2*v**2 + 14*v - 18. Let g(q) = -q**2 - 13*q + 13. Let x(k) = 2*d(k) + 3*g(k). Give x(16).
83
Let j(u) = 225*u**3 + 15 + 3*u**2 - 11 - 4*u + 259*u**3 - 481*u**3. Give j(3).
100
Let s(w) = -6 - 2682*w**2 + 2688*w**2 + 2*w - 5*w**3 + 3*w**3. Calculate s(2).
6
Let a(p) = p**3 + 11*p**2 - p - 3. Let w = 692 - 1220. Let q = -539 - w. Calculate a(q).
8
Suppose -6*c - 68 = -7*c. Let q(x) = -72*x + 1 + 3*x**2 + c*x - x**3 + 5. Determine q(4).
-26
Let p(v) be the first derivative of -101 + 1/4*v**4 + 3*v**2 + 0*v - 7/3*v**3. What is p(4)?
-24
Let l(f) = -17301 - f**2 - 6*f + 6*f + 6*f + 17309. Let t = 21 - 14. Determine l(t).
1
Let p(a) = -a**3 - 5*a + 16. Let i be p(3). Let h = 25 + i. Let u(k) = -9*k**3 + k**2. What is u(h)?
10
Let o(u) = -847*u - 30 + 300*u + 278*u + 292*u - 18. Give o(2).
-2
Let a(j) = -307*j**3 - 60*j**2 + 152*j**3 + 2*j + 62*j**2 - 4 + 156*j**3. Determine a(-2).
-8
Let o be (-785)/2*(-72)/90. Let k = o + -316. Let g(b) = -4*b**2 - 3*b. Give g(k).
-10
Let w(m) = -3*m - 5. Let k(i) = -2*i - 3. Suppose 0 = -4*d - d - 25. Suppose 0*c - b = 5*c - 30, 23 = 4*c + b. Let f(r) = c*k(r) + d*w(r). Give f(-3).
1
Let o(m) = -10*m**2 + 46*m - 46. Let q(s) = 23*s**2 - 98*s + 90. Let z(d) = 7*o(d) + 3*q(d). What is z(26)?
0
Let h(x) = -x**3 - 20*x**2 - 36*x - 1. Suppose -3*z + 126 = 180. Determine h(z).
-1
Let y(v) = -13*v + 56. Let r(c) be the third derivative of -17*c**4/24 + 14*c**3 + 50*c**2 + 1. Let p(n) = -5*r(n) + 7*y(n). What is p(-6)?
8
Let n(c) be the second derivative of 9/2*c**2 + 5 - 11*c - 2/3*c**3. Give n(3).
-3
Let z(t) = -t**2 + 15*t - 13. Let s be ((-220)/(-50))/(1 + 3/(-5)). Let f be z(s). Let l(c) = -28 - 2*c + 58 - f + 4*c. What is l(4)?
7
Let s(f) = -f**3 - 11*f**2 - 17*f + 14. Let z be s(-9). Let r be (12/z + -2)*(-1700)/(-40). Let o(g) = g**3 - 16*g**2 - 15*g - 25. Determine o(r).
9
Suppose 2*t + 981 = -5*b, t - 2*b + 370 + 125 = 0. Let i = t + 496. Let w(n) = -6*n + 4*n - 1 - 3*n. Calculate w(i).
-16
Let g(i) = i - 6. Let h be g(4). Let w(l) = 2*l**3 - 4*l**2 + 5*l - 17. Let z(y) = y**3 - y**2 + y - 6. Let s(j) = w(j) - 3*z(j). Determine s(h).
1
Suppose 1064 - 9389 = -37*c. Suppose c = -3*y + 231. Let a(l) = -3*l**2. Determine a(y).
-12
Let q(y) = -6*y**2 + 18*y + 9. Let l(r) = 7*r**2 - 21*r - 10. Let i(g) = 5*l(g) + 6*q(g). Determine i(4).
0
Suppose 0 = q - 6, 30*l - 3*q + 22 = 26*l. Let i(m) = 29*m - 2. Determine i(l).
-31
Let a(k) be the third derivative of -9*k**6/40 - k**5/60 + k**3/6 - k**2. Let c = -27423 - -27424. What is a(c)?
-27
Suppose 0 = -0*q - 6*q + 18. Suppose q*t + 40 = -2*v - 66, 3*t = -v - 50. Let d = v + 59. Let i(x) = x**2 - 5*x + 3. What is i(d)?
-3
Let h be (1*(8 - 1))/(-2 + 3 + -2). Let g(x) = 6*x**2 + 55*x + 21. Let a(u) = -2*u**2 - 18*u - 7. Let k(o) = 7*a(o) + 2*g(o). Calculate k(h).
7
Let u(j) = 4*j**3 - 6*j**2 + j - 1. Let q be 159/33 - (-5 + 318/66). Let d(l) = -3*l**3 + 5*l**2 - l + 1. Let c(x) = q*d(x) + 4*u(x). Calculate c(-3).
-14
Suppose -4*c - c = -10. Suppose -3*p = c*p. Let l(u) be the second derivative of u**4/12 + u**3/6 - 7*u**2 - 9383*u. What is l(p)?
-14
Suppose -3*a + 6*a + 5*s + 15 = 0, -4*s - 38 = 5*a. Let k(r) = r - 1. Let v(i) = i**3 + 11*i**2 + 15*i - 2. Let p(y) = 6*k(y) - v(y). Give p(a).
-14
Suppose s = 13 - 10. Let n(o) = -36*o - 36*o - 33*o - s + 106*o. Calculate n(5).
2
Let q be 3 + (-388)/(-5) + (-8)/(-20). Suppose -46*z + 49*z - q = 0. Let x(l) = z + 28 + 29 - 2*l - 88. Calculate x(-7).
10
Let z(y) = -41*y**3 + 33*y**2 + 17*y + 39. Let q(h) = -22*h**3 + 16*h**2 + 9*h + 19. Let j(u) = 15*q(u) - 8*z(u). What is j(-12)?
-15
Let y(z) = 10*z + 1. Let g = -12 - -18. Let a = 39 + -39. Suppose g*r - 5 - 7 = a. Determine y(r).
21
Let v(a) be the second derivative of -2*a**3/3 - 2*a**2 + 12*a + 8. What is v(1)?
-8
Let c(t) = t**2 - 154 + 156 - 5*t - 2*t**2. Let s(i) = -5*i**2 - 14*i - 17. Let j(q) = 3*q**2 + 7*q + 9. Let l(y) = 7*j(y) + 4*s(y). Let o be l(7). Give c(o).
2
Let f(o) = -o**2 - 6*o - 4. Let r be -2 - (9 - -2)*-1. Let m(q) = -6*q - 5*q - 8*q**2 + r*q**2 - 17. Let x be m(12). What is f(x)?
1
Let l(s) = -s**2 + 2*s + 2*s**2 - 6*s + 7*s + 3. Let m(k) = 3*k**2 + 8*k + 12. Let f(r) = -7*l(r) + 2*m(r). Calculate f(-6).
-3
Let z(s) = s**3 - 31*s**2 + 106*s + 60. Let k = 641 - 614. Let b be z(k). Let n(q) = 3 + q**2 - 2*q - q - q. Calculate n(b).
15
Suppose -4*n + 7 = -h, 22 = 5*h - 3. Let d(g) = -38*g**3 + 20*g**n - 4*g**2 - 3 + 19*g**3. Give d(4).
-3
Let i(w) = 11*w + 5. Suppose 2*q - 1 - 1 = 2*u, -9 = -q + 5*u. Let a(z) = -2*z - 2. Let m(g) = q*i(g) - 4*a(g). What is m(4)?
-9
Let s(p) be the second derivative of -19*p**5/20 - p**4/12 + p**2/2 - 1277*p. Give s(1).
-19
Let k(s) = -12 - 1016*s**2 - 13*s + 1009*s**2 + 6*s**3 - 7*s**3. Calculate k(-4).
-8
Let l(c) be the first derivative of c**2 - 20*c - 384. What is l(10)?
0
Let p(z) = 14*z**2 + 6*z**2 + 11*z**2 - 2*z**3 - 36*z**2 - 3 - 4*z. What is p(-4)?
61
Let q(p) be the first derivative of -p**4/4 + 5*p**3 - 17*p**2/2 + 33*p - 6989. What is q(14)?
-9
Let q(a) = 3*a**2 - 853 - 4*a**2 + 1705 - 12*a - 859. Calculate q(-13).
-20
Let j(v) = v**2 + 26*v + 169. Let h be j(-10). Let o(p) = 4*p**2 - p**3 - 2*p**2 - 10*p**2 - h*p + 7 - 1 + 2*p**3. Determine o(9).
6
Let h(m) = -m**3 + 7*m**2 - 7*m + 1. Let f(g) = g - 56. Let j be f(17). Let u = j - -39. Suppose u = -2*p + 5*i + 24 - 7, -p + 3*i + 9 = 0. Calculate h(p).
-5
Let k(j) = -2*j**2 - 2*j - 1. Let g be (16/(-28))/((8/(-14))/2). Suppose -22*y + g*y = 60. Determine k(y).
-13
Let a(u) = -3*u + 17. Let b(q) = q**3 + 34*q**2 - 46*q - 373. Let h be b(-35). Calculate a(h).
-19
Suppose -2*p - 3*p = -0*p. Let v(y) = -12*y + 14. Let o be v(p). Let w(a) = a - 20. Calculate w(o).
-6
Let c(m) = -41 + 5*m + 57 + 111 + 0*m + 31. Give c(-27).
23
Let b(y) = 5*y - 15. Suppose -73 = -10*h - 53. Let j(t) = -t. Let m(s) = h*j(s) + b(s). Calculate m(7).
6
Let k(b) be the second derivative of -b**5/20 + 4*b**4/3 - 17*b**3/6 + 25*b**2/2 + 379*b. What is k(15)?
-5
Let o(x) = -x**2 + 10*x + 5. Suppose -42 = 3*b - 5*b. Suppose i + 11 = b. What is o(i)?
5
Let b(s) = -3*s**2 - 12*s - 2. Let z(p) = -3*p**2 - 12*p - 3. Let a(m) = -4*b(m) + 3*z(m). Give a(-5).
14
Let d(l) be the third derivative of -l**6/120 - l**5/10 + 5*l**4/12 + 8*l**3/3 + 9*l**2 + 59. What is d(-7)?
-5
Let p(n) be the second derivative of 41*n**3/3 - 2*n**2 - 18*n + 33. Calculate p(1).
78
Let i(v) = -6*v**3 - 2*v - 1. Let n = -47 - -51. Suppose 30 = -m + 6*m. Suppose 0 = -m*t - 10 + n. Give i(t).
7
Suppose -4*z = 2*q + 36, 1 = -2*z + 3*z + 3*q. Let a = z - -13. Let k(j) = -j**3 - 9*j**3 + 3*j**a + 9*j**3. What is k(3)?
0
Let v(c) = 20*c - 120. Let r be v(6). Let g(j) = -27718 + r*j + 27715 - 4*j. Determine g(6).
-27
Let s(z) = -4*z**3 + 14 + 1179*z**2 + 3*z**3 - 21 - 1174*z**2 + 4*z. What is s(2)?
13
Let w(y) = 3*y**2 + 143*y - 196. Let i be w(-49). Let q(m) = -m**2 + 37. Give q(i).
37
Let t be -1*(5 + -6)*(-4)/(-2). Let q(g) = -g**2 - t*g - 7*g**2 + g + 3*g**2. Calculate q(1).
-6
Let p(h) = h - 1. Let c(a) = -11. Let m(j) = -c(j) + 2*p(j). Let o(v) = 3*v + 3*v**2 + 3 - 2*v**3 - 3*v**3 + 7*v**3. Let z be o(-2). Give m(z).
-5
Suppose 4*g + 2 = 2*u, 6*g = 3*g - u + 11. Let z(m) = g*m - 5 - 1 + m**2 + 0*m**2 + m - 8*m. Calculate z(0).
-6
Suppose -4*b - 4*o - 3 = o, 2*b - 2*o - 12 = 0. Let y(c) = -1 + 5*c**b - 6*c**3 - 2*c + c - 8*c**2. Calculate y(-8).
7
Let i(d) = -5*d**2 - 3*d + 1. Suppose 7*s - 476 = -497. Calculate i(s).
-35
Let p = -334 + 369. Suppose -p*c + 171 = -16*c. Let n(y) = -y**3 + 9*y**2 - y + 12. Calculate n(c).
3
Let y(l) be the second derivative of 0 - 1/6*l**3 + 56*l + l**2. Determine y(4).
-2
Let u(b) be the third derivative of b**6/40 + b**5/4 - b**4/12 - 7*b**3/3 + 10215*b**2. What is u(-5)?
-4
Let p(d) = -d**3 - 2*d**2 - 4*d + 6. Suppose 5*m = -5*k + 20, -14 = -4*m - 2*k - 0*k. Let y be p(m). Let q = 51 + y. Let x(l) = l + 5. Calculate x(q).
5
Let o be -36 + 49 + -3 + -1. Let v(s) = -2*s**2 + 22*s - 22. Calculate v(o).
14
Suppose -8 = t - 4*f, -89*t - f - 76 = -86*t. Let r(h) = -h**2 - 25*h - 30. Determin